(2)?
62
Let c(o) = -o**3 - 40*o**2 + 2*o + 33. Calculate c(-40).
-47
Let s(z) = -49*z + 1958. What is s(40)?
-2
Let z(d) = -117*d - 824. Calculate z(-10).
346
Let v(f) = f**3 - 5*f**2 + 37*f - 129. Determine v(4).
3
Let b(v) = -27*v + 2251. Calculate b(83).
10
Let f(l) = 9*l**3 + l**2 + 58*l + 233. Calculate f(-4).
-559
Let t(j) = -3*j**2 - 32*j - 18. Give t(-16).
-274
Let u(j) = -j**3 - 96*j**2 - 187*j + 79. Calculate u(-94).
-15
Let w(t) = 22*t**3 + 2*t**2 + 148*t - 147. Determine w(1).
25
Let k(i) = -i**2 - 107*i - 1913. Calculate k(-84).
19
Let u(f) = 758*f + 5421. Give u(-7).
115
Let a(n) = -2*n**3 - 9*n**2 + 86*n + 467. Calculate a(-6).
59
Let s(a) = 1790*a - 8936. What is s(5)?
14
Let y(x) = -4*x**3 + 13*x**2 + 17. Determine y(0).
17
Let p(b) = 2*b**3 - 506*b**2 + 1039*b - 8788. Determine p(251).
-3
Let q(i) = 2*i**3 + 53*i**2 - 26*i - 9. Determine q(-27).
-36
Let b(x) = 88*x + 5. Calculate b(-2).
-171
Let t(y) = -y**2 + 97*y - 1407. Give t(78).
75
Let v(x) = 2*x**2 - 74*x + 490. Determine v(8).
26
Let c(i) = -i**2 - 242*i - 1866. What is c(-8)?
6
Let r(m) = -5*m - 30. Give r(7).
-65
Let w(p) = -18*p**2 - 4*p + 2. Determine w(-3).
-148
Let m(c) = -293*c + 8. Calculate m(0).
8
Let t(h) = -1899*h - 1872. Determine t(-1).
27
Let s(w) = w**3 - 19*w**2 + 22*w - 26. Determine s(18).
46
Let y(l) = l**3 + 7*l**2 - 7*l - 34. Determine y(-8).
-42
Let l(b) = -27*b - 629. What is l(-32)?
235
Let r(t) = 73*t**3 + 320*t**2 + 113*t - 4. Calculate r(-4).
-8
Let d(q) = -46*q - 508. Give d(-11).
-2
Let o(q) = q**3 + 12*q**2 - 17*q - 31. Give o(-13).
21
Let n(h) = -629*h - 66669. What is n(-106)?
5
Let m(h) = -h**3 + 72*h**2 + 551*h + 204. Determine m(79).
46
Let m(j) = j**3 - 34*j**2 + 204*j + 106. Calculate m(26).
2
Let a(x) = x**2 - 73*x + 910. Give a(16).
-2
Let y(x) = x**2 - 191*x + 1822. Determine y(10).
12
Let s(h) = -h**2 - 19721*h + 315797. Give s(16).
5
Let z(c) = -c**2 - 102*c - 548. Calculate z(-6).
28
Let o(g) = -7*g**2 + 554*g - 726. Determine o(78).
-102
Let w(o) = -o**2 + 35*o + 112. What is w(39)?
-44
Let k(w) = 40*w + 156. What is k(-10)?
-244
Let z(x) = 26*x**2 + 191*x - 10. Give z(-7).
-73
Let l(t) = -223*t - 8706. Determine l(-39).
-9
Let z(m) = 5*m**2 - 831*m - 3164. Calculate z(170).
66
Let d(j) = j**2 + 7*j - 17. Give d(10).
153
Let h(z) = -90*z + 688. Calculate h(7).
58
Let f(n) = 112*n + 6058. Determine f(-53).
122
Let c(y) = -422*y + 55718. Calculate c(132).
14
Let n(h) = -115*h - 392. Give n(-4).
68
Let x(s) = -24*s**2 + 80*s - 7. What is x(4)?
-71
Let a(w) = -64*w - 789. Give a(-12).
-21
Let r(j) = 2*j**3 + 196*j**2 - 33*j - 3204. Give r(-98).
30
Let c(l) = l**3 - 4*l**2 - 9*l + 129. Determine c(8).
313
Let w(f) = -98*f + 68. What is w(-4)?
460
Let v(x) = -x**3 + 15*x**2 - 12*x - 23. Calculate v(14).
5
Let k(q) = -8*q - 230. What is k(-32)?
26
Let g(x) = 16*x - 50. Give g(0).
-50
Let k(q) = -q**3 + 21*q**2 - 68*q - 6. What is k(17)?
-6
Let f(y) = -18*y**2 - 524*y - 126. Calculate f(-29).
-68
Let p(b) = b**3 + 18*b**2 + 19*b + 41. Calculate p(-16).
249
Let u(x) = 1827*x - 16432. Determine u(9).
11
Let c(f) = f**2 + 105*f - 2666. Determine c(21).
-20
Let p(d) = -14*d - 7. Calculate p(-2).
21
Let h(m) = -3048*m + 3036. Calculate h(1).
-12
Let y(w) = 13*w**2 + 442*w - 8. Give y(-34).
-8
Let r(m) = 15*m - 64. Determine r(8).
56
Let d(c) = c**3 - 23*c**2 + 78*c - 109. Give d(19).
-71
Let j(t) = -534*t + 17097. Calculate j(32).
9
Let d(j) = j**3 - 16*j**2 + 57*j + 72. Give d(11).
94
Let y(c) = 2*c**2 + 154*c + 1099. Give y(-8).
-5
Let l(c) = 46*c**2 + 185*c + 12. Give l(-4).
8
Let t(j) = -2*j**3 - 113*j**2 + 74*j + 968. What is t(-57)?
-1
Let z(f) = 2*f - 34. What is z(10)?
-14
Let p(l) = 131*l + 4. Determine p(2).
266
Let g(v) = 2*v**2 + 329*v - 11666. Determine g(30).
4
Let w(f) = -2*f**3 - 30*f**2 - 37*f - 129. Calculate w(-14).
-3
Let q(v) = 171*v + 1619. What is q(-10)?
-91
Let x(p) = -10*p + 527. Determine x(51).
17
Let l(a) = -a**2 + 15*a - 22. Determine l(6).
32
Let u(n) = -48*n - 1946. Determine u(-42).
70
Let c(o) = -o**3 - 5*o**2 + 122*o - 12. Determine c(9).
-48
Let o(y) = -2*y**3 - 67*y**2 - 275*y + 8. What is o(-5)?
-42
Let s(c) = 12*c + 52. Determine s(-5).
-8
Let p(x) = 9*x + 75. Give p(-9).
-6
Let f(o) = 3*o**2 + 32*o - 10. Give f(-5).
-95
Let o(i) = -58*i + 856. Determine o(15).
-14
Let m(x) = 2*x**3 + 150*x**2 + 438*x - 22. Calculate m(-3).
-40
Let o(g) = -2*g**2 + 28*g + 2608. What is o(-30)?
-32
Let j(t) = -t**2 + 3*t + 4423. What is j(-65)?
3
Let f(o) = o**3 + 36*o**2 + 33*o - 9. What is f(-35)?
61
Let b(u) = u**2 - 345*u + 22428. What is b(87)?
-18
Let j(z) = z**2 - 17*z - 255. What is j(0)?
-255
Let q(j) = -j**2 - 7*j + 107. Determine q(7).
9
Let f(a) = -9*a**3 + a**2 + 4*a + 3. Determine f(-1).
9
Let b(z) = z**3 + 13*z**2 - 434*z - 5884. Determine b(-14).
-4
Let d(t) = 11*t + 223. Calculate d(-10).
113
Let o(u) = -u**2 + 239*u - 14123. Determine o(107).
1
Let m(r) = -9*r**2 - 10*r + 6. Give m(-3).
-45
Let k(j) = 467*j + 4202. Calculate k(-9).
-1
Let u(a) = -2*a**2 - 8*a + 168. Give u(10).
-112
Let z(x) = 3*x**2 + 6*x - 31. Calculate z(5).
74
Let g(f) = 370*f - 6660. Give g(18).
0
Let d(t) = 338*t + 2697. What is d(-8)?
-7
Let n(r) = -2*r**3 - 10*r - 37. What is n(-5)?
263
Let m(a) = -222*a + 5417. Give m(25).
-133
Let q(r) = r**3 - 6*r - 10. Give q(-4).
-50
Let f(s) = s**3 - 57*s**2 - 454*s + 443. Determine f(64).
59
Let l(c) = -3*c - 32. Calculate l(-7).
-11
Let x(h) = 3*h**3 + 9*h**2 - 34*h - 25. Determine x(-5).
-5
Let p(v) = v**3 - 38*v**2 + 233*v + 138. Calculate p(8).
82
Let x(q) = q**3 - 12*q**2 + 29*q + 10. Determine x(6).
-32
Let n(i) = 6*i**2 - 17*i + 31. Calculate n(4).
59
Let v(n) = 3636*n + 10904. Calculate v(-3).
-4
Let j(r) = 3*r**3 - 5*r + 13. Calculate j(2).
27
Let o(l) = 8*l**2 - 196*l + 1107. Calculate o(16).
19
Let j(z) = z**2 - 16*z - 1027. What is j(41)?
-2
Let c(a) = -13*a - 48. Calculate c(-4).
4
Let u(v) = -v**3 + 9*v**2 - 23*v + 5. Determine u(3).
-10
Let n(m) = -90*m - 1937. Calculate n(-21).
-47
Let u(l) = l**3 - 12*l**2 + 23*l + 3. Determine u(12).
279
Let j(u) = 183*u - 1229. What is j(6)?
-131
Let l(h) = -5*h**2 + 33*h - 19. Calculate l(6).
-1
Let u(n) = n**3 + 54*n**2 + n + 24. Give u(-54).
-30
Let p(s) = -3*s**3 - 537*s**2 - 2608*s + 353. Calculate p(-174).
5
Let x(k) = k**2 - 53*k + 40. Calculate x(52).
-12
Let j(i) = -25*i**2 - 280*i + 281. Calculate j(-12).
41
Let w(o) = -o**3 + 10*o**2 + 4*o + 14. Give w(8).
174
Let q(x) = -17*x**3 - 80*x**2 + x - 19. Calculate q(-4).
-215
Let v(h) = h**3 - 16*h**2 - 70*h + 7. Give v(0).
7
Let i(s) = -s**2 + 34*s + 468. Determine i(-15).
-267
Let y(u) = u**3 - 14*u**2 - 175*u - 12. Give y(22).
10
Let v(c) = -c**2 - 35*c + 93. Calculate v(-39).
-63
Let p(z) = 8*z**2 - 293*z + 26. Calculate p(36).
-154
Let g(b) = 3*b**2 - 37*b + 92. What is g(3)?
8
Let c(s) = 126*s - 884. Calculate c(7).
-2
Let n(q) = 165*q + 2165. Give n(-13).
20
Let o(f) = -f**3 - 16*f**2 + 43*f + 427. Calculate o(-17).
-15
Let l(s) = 37*s - 189. What is l(8)?
107
Let k(f) = 2*f + 108. Calculate k(22).
152
Let b(n) = 106*n - 3492. Calculate b(33).
6
Let i(z) = -33*z**2 - 726*z - 6. What is i(-22)?
-6
Let i(c) = c**3 - 7*c**2 - 17. Calculate i(8).
47
Let k(w) = -2*w**3 + 44*w**2 - 41*w - 18. Calculate k(21).
3
Let v(k) = -667*k - 6659. What is v(-10)?
11
Let a(n) = n**2 - 10*n - 199. What is a(20)?
1
Let t(x) = 23*x - 2. Calculate t(-2).
-48
Let k(a) = -12*a + 151. Determine k(18).
-65
Let b(g) = g**2 - 359*g + 2128. Give b(6).
10
Let n(z) = z**3 - 33*z**2 + 55*z + 206. Calculate n(31).
-11
Let w(b) = 2*b**3 + 54*b**2 + 142*b + 7. Give w(-3).
13
Let u(q) = q**3 + 2*q**2 - 3*q + 22. What is u(5)?
182
Let f(b) = -10*b - 37. Determine f(13).
-167
Let o(r) = 26*r**2 - 552*r + 122. Give o(21).
-4
Let k(v) = 2*v**3 + 68*v**2 - 103. Determine k(-34).
-103
Let r(h) = -146*h - 1830. What is r(-12)?
-78
Let g(b) = 11*b**2 + 528*b + 526. Calculate g(-1).
9
Let d(o) = 49*o**2 - 242*o + 9. Determine d(5).
24
Let p(a) = 17*a + 627. What is p(-37)?
-2
Let n(f) = -f**2 + 1038*f - 52204. Determine n(53).
1
Let z(i) = -i**3 - 48*i**2 - 62*i - 126. Give z(-47).
579
Let c(i) = i**3 - 25*i**2 + 57*i - 162. Give c(23).
91
Let r(i) = 6*i**3 + 9*i**2 + 11*i + 14. Determine r(-4).
-270
Let n(p